z**3 + 3*z**2 + 1/120*z**5 - 1/360*z**6 + 0*z + 0*z**4 + 0. Let l(x) be the first derivative of r(x). What is l(-3)?
-12
Let o(f) = -1 - 5 + f - 2*f + f**2 - 3. What is o(0)?
-9
Let f(q) be the second derivative of -4*q**4/3 - q**3/6 + q**2/2 + 19*q. Give f(1).
-16
Let q be 32/(-24)*3*-1. Let y = q + -8. Let g(a) = 1 + 5*a**3 - 4*a**3 + a**2 + 2*a**2 - 2*a. Determine g(y).
-7
Let u be 1/(1*(-2)/4). Let x(a) = -a**3 + 3*a**2 + 2*a - 6. Let d(j) = 2*j**3 - 5*j**2 - 5*j + 12. Let w(h) = u*d(h) - 5*x(h). Determine w(5).
6
Let n(y) be the second derivative of -y**3/2 + 4*y. Calculate n(5).
-15
Let i(y) = 3*y + 4. Let b(x) = x**2 - 12. Let s be b(0). Let a(o) = -1. Let u(v) = s*a(v) - 3*i(v). What is u(1)?
-9
Let g = -1 - 5. Let z(v) be the third derivative of v**4/24 - 10*v**2. What is z(g)?
-6
Let j(x) = 3*x + 2. Suppose -3*k + 2 = -k + 3*a, k - 3*a + 8 = 0. What is j(k)?
-4
Let s(d) be the third derivative of -d**4/24 + d**3/3 - d**2. Let q(p) = p**2 + 5*p - 8. Let z be (12/14)/(1/(-7)). Let o be q(z). Calculate s(o).
4
Let f(y) = -1. Let a(w) = 2*w + 7. Let l(c) = a(c) + 3*f(c). Suppose 0 = h + 5*b, -3*b + 7*b = h + 9. Calculate l(h).
-6
Let j(c) = -3 + 0*c + 7 + c - 2. Determine j(-3).
-1
Let f(l) = 12*l**2 + 14*l - 3. Let i(d) = 4*d**2 + 5*d - 1. Let z(y) = 3*f(y) - 8*i(y). Suppose -3*t + 7*t = 4*p - 12, 0 = -3*p - 4*t - 5. Give z(p).
5
Let w(k) = 3*k. Let j be (-4)/10 - (-27)/(-45). What is w(j)?
-3
Let k(b) = -4*b - 1. Let f(w) = -11*w - 2. Let r(z) = 3*f(z) - 8*k(z). Determine r(0).
2
Let q(m) = 2*m - 13. Let i be q(3). Let t(j) = -j - 10. Give t(i).
-3
Suppose 2 = 3*r - 1. Suppose -2*j + r + 3 = 0. Let s(p) = -3 + 2*p**2 - 3*p**2 + 0 - j + 5*p. What is s(4)?
-1
Let d(b) = -b - 4. Let k be 6/10 - 22/(-5). Suppose k*c = c. Calculate d(c).
-4
Let d(w) = 2 - 1 + 1 - 4 + 2*w. Suppose 0 = -2*y - 10, f + 7*y = 2*y - 21. What is d(f)?
6
Let c = 0 + 2. Suppose 0*u + c = 2*u. Let o(a) = 11*a - 1. Give o(u).
10
Suppose -6*d = -10*d. Let i(h) = -h**3 - h**2 + h + 8. Give i(d).
8
Let q(s) be the first derivative of -2*s**3/3 - 2*s**2 - 3*s + 6. Let t(k) = k**3 + 6*k**2 - 2. Let z be t(-6). Give q(z).
-3
Let x be ((-8)/(-6))/(1/3). Let q(m) = 6 + x*m - 6*m + 4*m. Let a = -7 - -2. Determine q(a).
-4
Let a(s) be the third derivative of -s**4/24 + 2*s**2. Let i be -1*-1*(0 + 2). Determine a(i).
-2
Let i(o) be the first derivative of -o**3/3 - 5*o**2/2 - 3*o + 2. Suppose -2*u + 4*f = 6, -5*u = 2*f + 22 - 7. Calculate i(u).
3
Let i(a) = a**3 - a**2 - 2*a - 3. Let b(o) = -o**3 - 3*o**2 - 2*o - 3. Let j be b(-3). Give i(j).
9
Let m(g) = 0 - 2 - g - 3. Suppose -d - 5*s = 4*d + 5, 3*d = -2*s - 6. Determine m(d).
-1
Let k(y) = -23 - y + 45 - 20. Let m(b) = -b**3 - 2*b**2 + 2*b + 3. Let r be m(-3). Let z be (5/(-3))/(2/r). Give k(z).
7
Let o(s) be the first derivative of -s**3/3 + 5*s**2/2 - 3*s + 15. What is o(3)?
3
Let k(m) = -3*m**2 - m + 9. Let q be (1 + -6)/(-1 + 2). Let l(x) = -x**2 - x + 4. Let b = -3 - -5. Let w(p) = b*k(p) + q*l(p). What is w(2)?
0
Let h(i) = 4*i**3 - 5*i**2 - 2*i - 1. Let w(v) = 5*v**3 - 5*v**2 - v - 2. Let a(f) = 4*h(f) - 3*w(f). Give a(6).
8
Let s(h) = h**3 - h**2 + h + 1. Let f(p) = -6*p**3 + 9*p**2 - 7*p - 5. Let v(u) = -f(u) - 5*s(u). Suppose 5 = 4*j - 7. Determine v(j).
-3
Let x(q) = q**3 + 28*q**2 - 29*q - 4. Let m be x(-29). Let a(l) = 2*l - 2*l - l**2 - 3*l. Calculate a(m).
-4
Let x(y) be the first derivative of y**3/3 + y**2/2 - 2*y - 6. Let z = 7 - 5. Suppose -2*s = z*s - 8. What is x(s)?
4
Let q(c) = 3*c**3 - 7*c**2 - 2. Let s(j) = -2*j**3 + 6*j**2 + 2. Let f(g) = -3*q(g) - 4*s(g). Calculate f(-3).
-2
Suppose 0 = 3*o - 4*f - 16 + 5, -3 = 3*o + 3*f. Let v(g) = -2 + 4 - o + 6*g - 2*g. What is v(1)?
5
Let t(w) be the second derivative of w**4/12 - 2*w**3/3 + 3*w**2 + 26*w. What is t(4)?
6
Let k(w) = -3*w - 25. Let d be k(-10). Let t(z) = z - 10. Let q(l) = l - 10. Let a(p) = -6*q(p) + 7*t(p). Determine a(d).
-5
Let j be ((-16)/(-20))/(2/(-5)). Let k be ((-24)/(-10))/(-4)*-5. Let o(p) = -3 + 0 - 5*p**3 + 4*p**k - 2*p**2 - 4*p. Give o(j).
5
Let o(x) = x. Let f be o(6). Let q = f - 1. Let z(l) be the second derivative of l**3/6 - 3*l**2 + 2*l. Give z(q).
-1
Let h(p) = -12*p**3 + 5*p**3 + 4*p**2 + p - 4 + 6*p**3. Determine h(4).
0
Let w(g) = g**3 + g**2 - 4*g - 3. Suppose 2*i = -3*f + i + 8, 3*i + 12 = 0. Let k be ((-4)/f)/((-2)/(-6)). Give w(k).
-9
Suppose 3*h + 30 = -3*w, -h = h + 5*w + 20. Let z = 12 + h. Let c(q) be the third derivative of q**4/24 - q**3/3 + q**2. Determine c(z).
0
Let z = 11 + -9. Let b(v) = -z + 17*v - 1 - 18*v. Let r be (1 + 5)/(3/(-2)). What is b(r)?
1
Let r be 1/5 - (-36)/20. Suppose -r*o - 5 = 5. Let f(h) = -h**3 - 6*h**2 - 5*h - 6. Give f(o).
-6
Let x(f) = f**2 + 8*f + 6. Let t be x(-8). Suppose -3 - 3 = -3*j. Let q(v) = j*v - 4*v - t + 3*v. Determine q(0).
-6
Suppose -6 = 2*v + 2*q, -10*v + 5*v - 7 = -3*q. Let j(u) = u**3 + u**2 + u. Give j(v).
-6
Let r(m) = m**3 + 5*m**2 + 4*m + 2. Let p(d) = -d**3 + 4*d**2 - 6*d + 5. Let v be p(3). Determine r(v).
2
Let f(n) = -2*n**2 + n + 6. Let m(s) = s**2 - 2*s - 5. Let j(r) = -2*f(r) - 3*m(r). Let y be j(-2). Let z(g) = -7*g**3 + g**2 + g. Calculate z(y).
7
Let y = 4 + -2. Let d(w) be the first derivative of 12 + w**2 - 7 + 0*w**2 - w. Determine d(y).
3
Let t(i) = -5*i + 1. Let y = 0 - -1. Determine t(y).
-4
Let i(u) be the third derivative of -u**5/15 - u**4/24 + u**3/3 + 3*u**2. Suppose 20*h = 24*h + 8. Calculate i(h).
-12
Let h be -2 - (-2)/((-2)/2). Let b(c) be the third derivative of -c**5/60 - c**4/12 + c**3/2 + 6*c**2. Determine b(h).
-5
Let h(p) = 2*p - 3. Let q(c) = -5*c - 41. Let y be q(-9). Calculate h(y).
5
Let h(d) = d**3 + 3*d**2 + 3*d + 2. Let b = 15 + -17. Let j be h(b). Let s(z) = z + 2. What is s(j)?
2
Let r be (-4)/(-6)*12/(-8). Let q be (-30)/(-7) + 14/(-49). Let c(x) = -3*x**2 + q*x**2 + 3*x**2. Give c(r).
4
Suppose 0 = 5*c - 6*c + 10. Suppose -2 - c = -3*m. Let g(d) = -2*d**2 + 5*d + 3. Determine g(m).
-9
Let w be -2 - (-1 - 1)*3. Let g(n) = n**2 + 4*n - 4. Let a(v) = 6*v**2 + 20*v - 20. Let x(o) = -2*a(o) + 11*g(o). Calculate x(w).
-4
Let a(l) = l - 1. Let j(n) = -n**2 + 12*n - 5. Let f(i) = 6*a(i) - j(i). Let c be f(6). Let g(b) = 14 - 5 - 3 - 7 + b. Calculate g(c).
-2
Let p(u) = -3*u**2 + 3*u - 2. Let s(x) = x**3 - 8*x**2 + 8*x - 5. Let d(g) = 8*p(g) - 3*s(g). Let h be d(-1). Let q(w) = -w + 6 + 2*w - h*w - 4. Give q(-5).
7
Let l = -94 - -86. Let y(p) = -p - 1. Determine y(l).
7
Let z(h) be the second derivative of h**3/6 + h**2 + h. Let a be (1 + 4)/((-3)/6). Let m = -7 - a. What is z(m)?
5
Suppose -2*b = -3*q - 0*b - 26, 0 = 3*q - 4*b + 34. Suppose -6*r + 24 + 18 = 0. Let j(p) = p**3 + 8 - 3*p**2 + 10*p**2 - 1 + r*p. Calculate j(q).
1
Let o(v) = -v**3 - 4*v**2 + 4*v - 6. Suppose x + 0*x = 3*n + 14, -5*x - 30 = 5*n. What is o(n)?
-1
Suppose 9 = 16*c + 73. Let m(u) = -u + 3. What is m(c)?
7
Let h(z) = z**2 - 2*z - 4. Let q(p) = 4*p**3 - 1. Let k be q(1). What is h(k)?
-1
Let t(a) = -9*a**2 - a + 1. Let b = 5 - 8. Let p be ((-3)/b)/((-2)/(-4)). Suppose -4*s = 2*i - 2, -5 = -5*s + p*i + 2. Calculate t(s).
-9
Let m = -2 - -4. Let w(p) = 1 - 3 - 4*p + 2 - p**m. What is w(-5)?
-5
Let i(v) = -v**3 - 7*v**2 + 2. Let h = 39 + -46. Give i(h).
2
Suppose 0 = -270*t + 272*t - 4. Let m(p) = -5*p**2 - 2*p - 1. Calculate m(t).
-25
Let a(z) = -z**2 - 3 - 13*z + 36*z - 17*z. Determine a(4).
5
Let h = 100 - 104. Let l(c) = c**3 + 5*c**2 + 6*c + 1. Determine l(h).
-7
Let x(q) be the first derivative of 1 - q**3 + 1/4*q**4 - 2*q**2 - 5*q. What is x(4)?
-5
Let h(t) = -t**2 - 4*t + 3. Let n be h(-4). Let z(y) be the second derivative of y**4/4 - y**3/2 - 2*y**2 + 15*y. Calculate z(n).
14
Let o(i) = -3*i + 5. Let l(w) = 14 + 3*w - 6*w - 7*w. Let f(h) = 4*l(h) - 11*o(h). Determine f(-1).
8
Let m(z) be the first derivative of 5*z**3/3 + z**2/2 + 7. Give m(1).
6
Let c(n) = n**3 - 5*n**2 - 2*n + 7. Let k(q) = -2*q**2 - 19*q - 4. Let b be k(-9). Give c(b).
-3
Suppose y = -5*c - 3, 0 = -3*c + y + 3. Let k = c + 1. Let q(a) = -13*a**2. Determine q(k).
-13
Let c(p) = -p**3 - 5*p**2 + 7*p + 3. Suppose 2*o = 4*k + 14, 14 = -3*o - 1. Calculate c(k).
-3
Let w = -7 + 11. Let u(l) = -l**2 + l + 17 - 20 + 5*l. Calculate u(w).
5
Let m(w) be the first derivative of w**3/3 -